{"id":22,"date":"2024-05-30T14:45:15","date_gmt":"2024-05-30T14:45:15","guid":{"rendered":"https:\/\/florianroth.com\/?page_id=22"},"modified":"2024-06-02T13:42:31","modified_gmt":"2024-06-02T13:42:31","slug":"unternehmen","status":"publish","type":"page","link":"https:\/\/florianroth.com\/?page_id=22","title":{"rendered":"Unternehmen"},"content":{"rendered":"\n<p>Hier findest du einen schnellen \u00dcberblick \u00fcber meine Unternehmen und Projekte. Schau dich ruhig um und entdecke, was wir zu bieten haben.<br><br><\/p>\n\n\n\n<h2 class=\"wp-block-heading\">CAD GmbH &amp; Co. KG<\/h2>\n\n\n\n<p>Wir bei CAD sind echte Werbeprofis im M\u00fcnsterland und bieten alles rund um Werbetechnik und Digitaldruck seit 2011. Mit einem top ausgestatteten Maschinenpark machen wir fast alles m\u00f6glich. Besuche uns online und lerne mehr \u00fcber uns: <a href=\"https:\/\/cad-marketing.com\/\">cad-marketing.com<\/a>.<br><br><\/p>\n\n\n\n<h2 class=\"wp-block-heading\">Werkstoff GmbH<\/h2>\n\n\n\n<p>Suchst du nach professioneller Berufskleidung? Bei Werkstoff findest du hochwertige Kleidung f\u00fcr alle m\u00f6glichen Berufe. Wir passen alles individuell an, damit dein Team super aussieht und sich gut f\u00fchlt. Schau vorbei: <a href=\"https:\/\/werkstoff.de\/\">werkstoff.de<\/a>.<br><br><\/p>\n\n\n\n<h2 class=\"wp-block-heading\">Freizeitart<\/h2>\n\n\n\n<p>Bei Freizeitart findest du alles, was du brauchst, um deine R\u00e4ume neu zu gestalten. Unsere Produktauswahl von Tafelfolien bis Klebefolien macht jeden Raum besonders. Starte dein Projekt bei: <a href=\"https:\/\/freizeitart.de\/\">freizeitart.de<\/a>.<br><br><\/p>\n\n\n\n<h2 class=\"wp-block-heading\">WFDG<\/h2>\n\n\n\n<p>Willst du schnell und einfach Werbematerial f\u00fcr dein Gesch\u00e4ft bestellen? Bei WFDG kannst du alles online tun. Personalisiere Designs, die zu deinem Business passen: <a href=\"https:\/\/wfdg.de\/\">wfdg.de<\/a>.<br><br><\/p>\n\n\n\n<h2 class=\"wp-block-heading\">Whiteboardfolie.de<\/h2>\n\n\n\n<p>Gestalte deine W\u00e4nde mit Whiteboard- und Tafelfolien, die du einfach selbst anbringen kannst. Perfekt f\u00fcr Zuhause oder das B\u00fcro. Hol dir deine Folie hier: <a href=\"https:\/\/whiteboardfolie.de\/\">whiteboardfolie.de<\/a>.<br><br><\/p>\n\n\n\n<h2 class=\"wp-block-heading\">WS4U<\/h2>\n\n\n\n<p>Bei WS4U ist Individualit\u00e4t Trumpf! Von Kleidung bis zu Accessoires \u2013 gestalte alles nach deinem Geschmack. Perfekt f\u00fcr Teams, Events oder als pers\u00f6nliches Geschenk. Finde mehr heraus: <a href=\"https:\/\/wsforyou.com\/\">wsforyou.com<\/a>.<\/p>\n","protected":false},"excerpt":{"rendered":"<p>Hier findest du einen schnellen \u00dcberblick \u00fcber meine Unternehmen und Projekte. Schau dich ruhig um und entdecke, was wir zu bieten haben. CAD GmbH &amp; Co. KG Wir bei CAD sind echte Werbeprofis im M\u00fcnsterland und bieten alles rund um Werbetechnik und Digitaldruck seit 2011. Mit einem top ausgestatteten Maschinenpark machen wir fast alles m\u00f6glich. [&hellip;]<\/p>\n","protected":false},"author":1,"featured_media":0,"parent":0,"menu_order":0,"comment_status":"closed","ping_status":"closed","template":"","meta":{"footnotes":""},"class_list":["post-22","page","type-page","status-publish","hentry"],"yoast_head":"<!-- This site is optimized with the Yoast SEO plugin v24.1 - https:\/\/yoast.com\/wordpress\/plugins\/seo\/ -->\n<title>Unternehmen - Florian Roth<\/title>\n<meta name=\"robots\" content=\"index, follow, max-snippet:-1, max-image-preview:large, max-video-preview:-1\" \/>\n<link rel=\"canonical\" href=\"https:\/\/florianroth.com\/?page_id=22\" \/>\n<meta property=\"og:locale\" content=\"de_DE\" \/>\n<meta property=\"og:type\" content=\"article\" \/>\n<meta property=\"og:title\" content=\"Unternehmen - Florian Roth\" \/>\n<meta property=\"og:description\" content=\"Hier findest du einen schnellen \u00dcberblick \u00fcber meine Unternehmen und Projekte. Schau dich ruhig um und entdecke, was wir zu bieten haben. CAD GmbH &amp; Co. KG Wir bei CAD sind echte Werbeprofis im M\u00fcnsterland und bieten alles rund um Werbetechnik und Digitaldruck seit 2011. Mit einem top ausgestatteten Maschinenpark machen wir fast alles m\u00f6glich. [&hellip;]\" \/>\n<meta property=\"og:url\" content=\"https:\/\/florianroth.com\/?page_id=22\" \/>\n<meta property=\"og:site_name\" content=\"Florian Roth\" \/>\n<meta property=\"article:modified_time\" content=\"2024-06-02T13:42:31+00:00\" \/>\n<meta name=\"twitter:card\" content=\"summary_large_image\" \/>\n<meta name=\"twitter:label1\" content=\"Gesch\u00e4tzte Lesezeit\" \/>\n\t<meta name=\"twitter:data1\" content=\"2\u00a0Minuten\" \/>\n<script type=\"application\/ld+json\" class=\"yoast-schema-graph\">{\"@context\":\"https:\/\/schema.org\",\"@graph\":[{\"@type\":\"WebPage\",\"@id\":\"https:\/\/florianroth.com\/?page_id=22\",\"url\":\"https:\/\/florianroth.com\/?page_id=22\",\"name\":\"Unternehmen - Florian Roth\",\"isPartOf\":{\"@id\":\"https:\/\/florianroth.com\/#website\"},\"datePublished\":\"2024-05-30T14:45:15+00:00\",\"dateModified\":\"2024-06-02T13:42:31+00:00\",\"breadcrumb\":{\"@id\":\"https:\/\/florianroth.com\/?page_id=22#breadcrumb\"},\"inLanguage\":\"de\",\"potentialAction\":[{\"@type\":\"ReadAction\",\"target\":[\"https:\/\/florianroth.com\/?page_id=22\"]}]},{\"@type\":\"BreadcrumbList\",\"@id\":\"https:\/\/florianroth.com\/?page_id=22#breadcrumb\",\"itemListElement\":[{\"@type\":\"ListItem\",\"position\":1,\"name\":\"Startseite\",\"item\":\"https:\/\/florianroth.com\/\"},{\"@type\":\"ListItem\",\"position\":2,\"name\":\"Unternehmen\"}]},{\"@type\":\"WebSite\",\"@id\":\"https:\/\/florianroth.com\/#website\",\"url\":\"https:\/\/florianroth.com\/\",\"name\":\"Florian Roth\",\"description\":\"Deine Vision wird Realit\u00e4t!\",\"publisher\":{\"@id\":\"https:\/\/florianroth.com\/#organization\"},\"potentialAction\":[{\"@type\":\"SearchAction\",\"target\":{\"@type\":\"EntryPoint\",\"urlTemplate\":\"https:\/\/florianroth.com\/?s={search_term_string}\"},\"query-input\":{\"@type\":\"PropertyValueSpecification\",\"valueRequired\":true,\"valueName\":\"search_term_string\"}}],\"inLanguage\":\"de\"},{\"@type\":\"Organization\",\"@id\":\"https:\/\/florianroth.com\/#organization\",\"name\":\"Florian Roth\",\"url\":\"https:\/\/florianroth.com\/\",\"logo\":{\"@type\":\"ImageObject\",\"inLanguage\":\"de\",\"@id\":\"https:\/\/florianroth.com\/#\/schema\/logo\/image\/\",\"url\":\"https:\/\/florianroth.com\/wp-content\/uploads\/2024\/05\/flo-logo-1920-1080px-weiss-auf-transparent.png\",\"contentUrl\":\"https:\/\/florianroth.com\/wp-content\/uploads\/2024\/05\/flo-logo-1920-1080px-weiss-auf-transparent.png\",\"width\":1920,\"height\":1080,\"caption\":\"Florian Roth\"},\"image\":{\"@id\":\"https:\/\/florianroth.com\/#\/schema\/logo\/image\/\"}}]}<\/script>\n<!-- \/ Yoast SEO plugin. -->","yoast_head_json":{"title":"Unternehmen - Florian Roth","robots":{"index":"index","follow":"follow","max-snippet":"max-snippet:-1","max-image-preview":"max-image-preview:large","max-video-preview":"max-video-preview:-1"},"canonical":"https:\/\/florianroth.com\/?page_id=22","og_locale":"de_DE","og_type":"article","og_title":"Unternehmen - Florian Roth","og_description":"Hier findest du einen schnellen \u00dcberblick \u00fcber meine Unternehmen und Projekte. Schau dich ruhig um und entdecke, was wir zu bieten haben. CAD GmbH &amp; Co. KG Wir bei CAD sind echte Werbeprofis im M\u00fcnsterland und bieten alles rund um Werbetechnik und Digitaldruck seit 2011. Mit einem top ausgestatteten Maschinenpark machen wir fast alles m\u00f6glich. [&hellip;]","og_url":"https:\/\/florianroth.com\/?page_id=22","og_site_name":"Florian Roth","article_modified_time":"2024-06-02T13:42:31+00:00","twitter_card":"summary_large_image","twitter_misc":{"Gesch\u00e4tzte Lesezeit":"2\u00a0Minuten"},"schema":{"@context":"https:\/\/schema.org","@graph":[{"@type":"WebPage","@id":"https:\/\/florianroth.com\/?page_id=22","url":"https:\/\/florianroth.com\/?page_id=22","name":"Unternehmen - Florian Roth","isPartOf":{"@id":"https:\/\/florianroth.com\/#website"},"datePublished":"2024-05-30T14:45:15+00:00","dateModified":"2024-06-02T13:42:31+00:00","breadcrumb":{"@id":"https:\/\/florianroth.com\/?page_id=22#breadcrumb"},"inLanguage":"de","potentialAction":[{"@type":"ReadAction","target":["https:\/\/florianroth.com\/?page_id=22"]}]},{"@type":"BreadcrumbList","@id":"https:\/\/florianroth.com\/?page_id=22#breadcrumb","itemListElement":[{"@type":"ListItem","position":1,"name":"Startseite","item":"https:\/\/florianroth.com\/"},{"@type":"ListItem","position":2,"name":"Unternehmen"}]},{"@type":"WebSite","@id":"https:\/\/florianroth.com\/#website","url":"https:\/\/florianroth.com\/","name":"Florian Roth","description":"Deine Vision wird Realit\u00e4t!","publisher":{"@id":"https:\/\/florianroth.com\/#organization"},"potentialAction":[{"@type":"SearchAction","target":{"@type":"EntryPoint","urlTemplate":"https:\/\/florianroth.com\/?s={search_term_string}"},"query-input":{"@type":"PropertyValueSpecification","valueRequired":true,"valueName":"search_term_string"}}],"inLanguage":"de"},{"@type":"Organization","@id":"https:\/\/florianroth.com\/#organization","name":"Florian Roth","url":"https:\/\/florianroth.com\/","logo":{"@type":"ImageObject","inLanguage":"de","@id":"https:\/\/florianroth.com\/#\/schema\/logo\/image\/","url":"https:\/\/florianroth.com\/wp-content\/uploads\/2024\/05\/flo-logo-1920-1080px-weiss-auf-transparent.png","contentUrl":"https:\/\/florianroth.com\/wp-content\/uploads\/2024\/05\/flo-logo-1920-1080px-weiss-auf-transparent.png","width":1920,"height":1080,"caption":"Florian Roth"},"image":{"@id":"https:\/\/florianroth.com\/#\/schema\/logo\/image\/"}}]}},"_links":{"self":[{"href":"https:\/\/florianroth.com\/index.php?rest_route=\/wp\/v2\/pages\/22","targetHints":{"allow":["GET"]}}],"collection":[{"href":"https:\/\/florianroth.com\/index.php?rest_route=\/wp\/v2\/pages"}],"about":[{"href":"https:\/\/florianroth.com\/index.php?rest_route=\/wp\/v2\/types\/page"}],"author":[{"embeddable":true,"href":"https:\/\/florianroth.com\/index.php?rest_route=\/wp\/v2\/users\/1"}],"replies":[{"embeddable":true,"href":"https:\/\/florianroth.com\/index.php?rest_route=%2Fwp%2Fv2%2Fcomments&post=22"}],"version-history":[{"count":4,"href":"https:\/\/florianroth.com\/index.php?rest_route=\/wp\/v2\/pages\/22\/revisions"}],"predecessor-version":[{"id":64,"href":"https:\/\/florianroth.com\/index.php?rest_route=\/wp\/v2\/pages\/22\/revisions\/64"}],"wp:attachment":[{"href":"https:\/\/florianroth.com\/index.php?rest_route=%2Fwp%2Fv2%2Fmedia&parent=22"}],"curies":[{"name":"wp","href":"https:\/\/api.w.org\/{rel}","templated":true}]}}